= -j + m, 3*j - r*m - 10 = 0. What is c(j)?
8
Let s(f) be the second derivative of 5*f**3/3 - 45*f**2/2 + 8*f + 25. Determine s(9).
45
Let d(l) = 0*l**2 + 0*l**2 - l**3 - 1 - 3*l**2. Suppose -3*o - 10*p + 8*p = -1302, -4*p + 860 = 2*o. Let h = -439 + o. Determine d(h).
-1
Let z(r) = -r**3 - 3*r**2 + 1. Let f be 6 - (-4)/8*-6. Suppose w = -f*x - 4 + 16, 3 = x. Suppose 0 = w*q + 7 + 2. Calculate z(q).
1
Suppose 0 = -s + 3*s - 4*k - 12, 3*s + k + 3 = 0. Let l(u) = -u**3 + 4 - 10 + 30*u - 29*u + s*u**3. Let j(d) = -2*d**2 + 16*d. Let x be j(8). What is l(x)?
-6
Suppose -2*b - 5*f = 10 + 77, -2*f = 2*b + 66. Let h(u) = u**3 + 25*u**2 - 25*u + 38. Give h(b).
12
Let g be -5*((-312)/(-20) - -3). Let b = g - -107. Suppose b*m + 42 = 21*m. Let i(r) = -5*r + 5. What is i(m)?
-25
Suppose -70 = 4*f + f. Let s(a) be the first derivative of a**4/4 + 5*a**3 + 15*a**2/2 + 9*a - 6751. What is s(f)?
-5
Suppose 5*y + 4*f - 36 = 0, 2*y = f + 14 + 3. Let z be 1*3 + -11 + y + 3. Let g(m) = 5*m**2 + 3*m**3 + 5*m**z - 7*m**3 + 8 + 4*m - 9. Determine g(-3).
5
Let x(i) be the first derivative of i**2/2 - 6*i + 1. Suppose 235*b + 264*b = 2994. Calculate x(b).
0
Let g(r) = 37*r**2 + r - 1. Let k(h) = -47*h - 56*h + 157 + 90*h. Let x be k(12). Give g(x).
37
Suppose 0 = -5*w - 6 - 4. Let v be (-42)/(-6 + 0)*(w - -1). Let c = v - 0. Let a(k) = -k**3 - 7*k**2 + 3*k + 7. Calculate a(c).
-14
Let f(u) = -2*u**2 + 4*u - 2. Let n = -34 + 36. Suppose 0 = 4*x + 5*v - 32, 2*x = -x - n*v + 17. Determine f(x).
-8
Let d(w) = -w**2 + 5*w + 1. Let m(p) = p**2 + 9*p + 2. Let y be m(-9). Let a be (-5 + -2 + 15)/(y*1). Suppose 4*l + 4 + 8 = 0, -3*g = a*l. Calculate d(g).
5
Let n(c) be the second derivative of 1/2*c**2 + 1/3*c**3 + 72*c + 0. What is n(-11)?
-21
Let r(i) = -i**2 + 8*i + 18. Let b(h) = h**2 - 5*h - 10. Let t(q) = 7*b(q) + 4*r(q). Give t(4).
38
Let k(f) = -1912 - 9*f + 10*f + 1809. What is k(0)?
-103
Suppose 4*t - 7 = -4*f + 1, 0 = -2*t - f. Let m(r) = r**3 + r**2 - 13*r - 5. Let b(o) = -o**3 - 9*o - 3. Let c(s) = 3*b(s) - 2*m(s). Give c(t).
35
Suppose -26*t = -29*t + 9. Let b(p) = 0 - 5*p - 4*p + p**2 - t + 3*p. Calculate b(6).
-3
Let t(c) = c**3 - 2*c + 2. Let m be t(1). Let g be (-4)/(-3)*m/4*6. Let z(x) = 8*x**2 + 2*x + 3 - 5 - x**3 - 6*x**g. Determine z(-2).
10
Let p(u) = -2*u + 2. Suppose -3*z = -4*h - 0*h, -h - 3*z + 15 = 0. Suppose h*v = 2*c + 22, 2*v - 3*c - 16 - 7 = 0. Let o be -4*(v - 18/4). Give p(o).
-2
Let i(k) = 2*k. Let y be (-4 - (-52)/6)/(2/(-93)). Let r = 228 + y. Calculate i(r).
22
Let m(i) = 2581*i**3 - 1349*i**3 - 18*i**2 - 2*i - 33 - 1233*i**3. Give m(-18).
3
Let z(p) = -2*p + 11. Let m be z(4). Suppose -6 - 15 = m*q. Let c(r) = -2*r**2 - 15*r - 7. Let i be c(q). Let g(s) = -s**2 - s - 5. Calculate g(i).
-5
Let m(p) = p + 12. Suppose 0 = -28*q + 5*q - 10534. Let h = 463 + q. Calculate m(h).
17
Let r = -4 + 14. Let o(f) = 15*f + 15. Let j(m) = -26*m - 28. Let z(k) = 4*j(k) + 7*o(k). Give z(r).
3
Suppose 0*f - 18 = -f - 2*z, -z = 5*f - 54. Suppose -5*o = -3*g - f, 5*o - g - 14 - 6 = 0. Let s(w) = w. Give s(o).
5
Let z(b) = b**3 - 7*b**2 - 2*b + 15. Suppose r - 6*v - 2 = -v, r - 13 = -6*v. Give z(r).
1
Let v(s) = s + 6 + 0 + 5*s**2 - 3 + 0*s + s. Suppose -4 = 2*b + 4*l, 5*b = -0*b + 5*l + 50. Let d be 8 + 2 + -6 - b. What is v(d)?
19
Let k = 101 - 104. Let u(p) = -p**2 + p + 19. Let j be u(k). Let z(t) be the third derivative of -t**6/120 + 7*t**5/60 - t**4/24 - t**3/6 - t**2. What is z(j)?
-8
Suppose -340*m + 342*m = 8. Let z(t) = -5*t + 4*t**2 - 7*t**2 + 10 + 0*t + m*t**2. Calculate z(7).
24
Let n(d) = 4*d + 24. Let p(h) = h**3 + 35*h**2 + 34*h - 6. Let i be p(-34). Let z(k) = 2*k + 13. Let g(l) = i*n(l) + 11*z(l). Let j = -7 - -10. Determine g(j).
-7
Let u(y) = 8*y - 13. Suppose f + 7 = -34*b + 35*b, 6*f = -2*b + 6. Determine u(b).
35
Let u(k) = 175*k**2 - 8*k + 6. Let v(w) = 146*w**2 - 7*w + 5. Let z(a) = -5*u(a) + 6*v(a). Calculate z(2).
0
Suppose -2*k = -s - 2*s + 28, k + 4*s = 8. Let m be ((-4)/k)/((-2)/4). Let n(b) be the second derivative of 5*b**3/3 - b**2/2 + 48*b. What is n(m)?
-11
Let c(l) be the third derivative of -l**5/60 - 11*l**4/12 + l**3/2 + 604*l**2 + 2*l. Calculate c(-22).
3
Let p(s) = s**2 - 7*s - 258. Let i be p(-13). Let m(a) = -15*a**2 + 5*a + 15*a**2 - 7 + a**3 + 6*a**i. Calculate m(-5).
-7
Let w(t) = t**3 + 2*t**2 - 6*t - 2. Suppose -4*p + 3*q + 68 - 96 = 0, 2*p = -2*q. Calculate w(p).
-10
Let b(h) = h**3 + 4*h**2 + 2. Let l(c) = -c**3 + 3*c**2 + 4*c - 15. Suppose -7*o = 9*o - 32. Let u be l(o). What is b(u)?
11
Let q(v) = 8*v**2 - 59*v + 18. Suppose 5*b = 3*d + 63 - 7, 0 = 4*b + 2*d - 14. Determine q(b).
-3
Let s be 1/(-3) - 884/12. Let x = s - -75. Let m(g) = -684*g + 4*g**2 + x + g**3 + 4 + 686*g. Give m(-4).
-3
Let q(g) = -g**3 + 4*g**2 + 2*g + 2. Suppose -y + 26*h - 413 = 27*h, 2*y + 846 = 3*h. Let o = y + 421. Determine q(o).
10
Let j(o) = -50*o - 28. Let d(s) = -25*s - 13. Let z(q) = 13*d(q) - 6*j(q). Let h(v) = -26*v - 1. Let b(u) = -4*h(u) + 5*z(u). Give b(-1).
20
Let z(a) = -a**3 - 5*a**2 - 2*a + 2. Suppose x - 658 = -6*x. Let c = 105 - x. Suppose 64 = -c*w - 5*w. Calculate z(w).
-6
Let f(o) = o**3 + 4*o**2 - 54*o + 59. Let y be f(-10). Let z(a) = 34*a + 24. Calculate z(y).
-10
Let j = -602 - -606. Let f(o) = -9*o**2 - 3*o + 5. Let l(u) = -20*u**2 - 5*u + 11. Let h(c) = j*l(c) - 9*f(c). Suppose 32 = -0*i - 4*i. Give h(i).
7
Let h(w) = w + 7. Let j be h(-6). Let a(u) = -4*u**2 - 5*u**2 - 4*u**2 + 14*u**2 + j + u. Let p(n) = 68*n + 136. Let i be p(-2). What is a(i)?
1
Let x(p) be the second derivative of -5/12*p**4 + 0*p**2 + 1/10*p**5 - 39 - p + 1/3*p**3. Give x(3).
15
Let y(r) = 3*r + 8*r - 1 + 11*r - r**3 + 8*r**2 - 13. Let t be y(10). Let h(l) = -2*l + 9. Determine h(t).
-3
Let a(f) = -1 - 33781302*f**2 - f**3 + 2*f - 14*f + 33781310*f**2. Calculate a(5).
14
Let w = -14770 - -14761. Let u(h) = h**3 + 9*h**2 + 2*h + 26. Calculate u(w).
8
Let l(b) = b + 10. Let u be l(-8). Suppose -2*o - 5*n - 7 = u*o, 4*o + 4 = -4*n. Let y(k) be the first derivative of k**3 + 2*k + 4784. What is y(o)?
14
Let w(u) be the second derivative of -u**4/4 - 4*u**3/3 - 7*u**2/2 - 223*u. What is w(-5)?
-42
Let c be 4 + (-2)/5 + (-3)/5. Let m = -3 - c. Let q(f) = -13*f**2 - 21*f + 10. Let i(w) = 7*w**2 + 11*w - 5. Let g(x) = m*q(x) - 11*i(x). Determine g(-6).
1
Let m(d) = 8*d + 1. Let f be 2 - 128/(-8)*1. Let k be (-6)/(52/(-91) + f/7). What is m(k)?
-23
Let b = 4868 + -4861. Let x(d) = -d**2 + 31. Give x(b).
-18
Suppose -3*v - g + 15 = 0, 2*v = -0*v - 3*g + 17. Let h(d) = -536*d**2 - 11*d - v + 535*d**2 - 4. Give h(-9).
10
Let g = -400 + 392. Let n be 2*10/g*14/35. Let t(c) = -5*c - 3. Give t(n).
2
Let d(g) = 7*g**2 - 6*g + 5. Let w(o) = 7*o**2 - 5*o + 6. Let s(x) = -4*d(x) + 3*w(x). Let f(b) = 4*b**2 - 5*b + 1. Let a(n) = 11*f(n) + 6*s(n). Determine a(2).
5
Let y(m) = -2146*m + 1086*m - 9 + 1073*m. What is y(4)?
43
Let y be (-4 + 4)*(-2)/4. Let d be 400/60 + y + (-2)/(-6). Let a(q) = -d*q**2 + q + q**3 + 12*q**2 - 5*q**2. What is a(1)?
2
Let v(p) = 20*p + 45. Let z be 4 - (6 + (3 + -3)/5). Calculate v(z).
5
Let i(n) = -n**2 - 3*n + 6. Let g = 63 - 47. Suppose 0 = -8*s - 48 + g. Determine i(s).
2
Let b(u) be the first derivative of -2*u**5/15 - u**4/12 + u**3/3 + 15*u**2/2 - 30. Let y(g) be the second derivative of b(g). Give y(1).
-8
Let w(m) be the third derivative of 1/60*m**5 - 7/24*m**4 + 0*m**3 + 0 + 3*m**2 + 0*m. Suppose 0 = x - 3, -4*x + 29 = 2*g + 5. What is w(g)?
-6
Let d(x) = -6*x + x + 0 - 1 + 6*x. Suppose 0 = 4*c + 34 - 90. Let i be ((-7)/c)/((-2)/(-24)). What is d(i)?
-7
Let k = 90 - 70. Let b(o) = -o**2 - 4*o - 21 - k - 21 + 59. What is b(-2)?
1
Let q(n) = -287*n + 420. Let b(r) = -18*r + 26. Let a(y) = 49*b(y) - 3*q(y). Give a(1).
-7
Let x be 54/12*72 - 3. Let k(b) = 653 - 323 - x + b. Calculate k(-9).
0
Let y(v) = -2*v - 69*v**3 + 8*v**2 - 5 - 7*v**2 + 65*v**3. Let f(u) = 7*u**3 - 3*u**2 + 3*u + 10. Let z(g) = 6*f(g) + 11*y(g). What is z(-4)?
37
Let j(g) = 2*g - 8. Let c be j(1). Let k be (-8)/36 - -58*c/(-108). Let l(p) = -3*p**2 + 5*p - 3. Give l(k).
-15
Let i(w) = -w**3 - 5*w**2 - 5*w - 4. Suppose -4*h - 5*j = -169, 4*h - 57 = 2*h + 3*j. Let z = h + -39. Determine i(z).
-7
Let b be 2*12*(-9)/(-108). Let v(n) be the first 